 is the value of -6 - (-6 + 6 - -1)?
-7
Calculate -3 - -3 - 4 - (4 - 2).
-6
What is the value of 4 + -17 + (18 - 10)?
-5
What is (-10 - (-13 + -11)) + -9?
5
What is the value of -1 + -2 - 0 - (-6 - -2)?
1
What is 2 + (1 - 0) - -1?
4
Calculate (0 - 0) + 0 + -16 + 11.
-5
-5 + -1 + (3 - -2) + -5
-6
Calculate 2 - (2 + -9 + 4).
5
5 + 5 + -13 - -5
2
What is the value of (-1 - 5 - -4) + 6?
4
Calculate 0 + (3 - 6 - -1).
-2
-5 + -2 - (-17 + 6)
4
Calculate (0 + 1 - (5 + -6)) + -7.
-5
Calculate -1 - (-4 - (-3 - 3) - -2).
-5
Calculate (26 + 6 - 11) + -11.
10
What is the value of -9 - -12 - (-1 + 9)?
-5
6 - ((1 - 1) + -4 + 7)
3
What is the value of -1 - (3 + -3 - -1) - -3?
1
What is the value of 0 + (-9 - 2) + (2 - -2)?
-7
Calculate 4 - (-2 + 9 - 2).
-1
What is the value of -5 + 4 - (9 - (7 - -1))?
-2
What is -7 - (-7 - (-7 - -3))?
-4
What is 0 + (-1 - -1) - -3?
3
What is (8 - 6) + 0 - -5?
7
Evaluate 14 + -13 + -14 + 7.
-6
What is the value of 8 - (11 + -10 + (3 - 1))?
5
Evaluate (-1 - 1) + -3 + 4.
-1
What is (54 - 49) + 7 + -1?
11
Evaluate -4 - (-8 - (0 + -8)).
-4
What is -1 + 3 + -2 - -2?
2
Evaluate -3 + (3 - 8) + 0 - -7.
-1
Evaluate -4 + (0 + -3 - -2) - -1.
-4
(9 - 8) + 0 + 2
3
What is -4 + (-3 + (2 - 5) - -5)?
-5
0 + -3 + -1 - (6 + -9)
-1
-16 + 9 - -1 - -12
6
Evaluate -11 + 12 + -1 + 2.
2
What is the value of (1 - 0) + -6 - -3?
-2
-7 - (-21 - (-11 - -2))
5
Calculate -1 + 2 + (-55 - -49).
-5
Evaluate (-8 - (-10 - 0)) + -3 + 2.
1
-3 + -1 + 1 + (0 - -9)
6
0 + (1 - 7) + (6 - 4)
-4
What is 5 + (3 - 7 - (-1 - 1))?
3
What is 2 + -3 + -4 - (-25 - -17)?
3
What is (-2 - (0 + 2)) + -1 - 0?
-5
Evaluate 16 + -18 - (2 + 2) - -7.
1
What is the value of -1 - 4 - (-3 + -1)?
-1
What is the value of 0 + (-1 - 6) + 0?
-7
What is the value of 0 + -7 + (-2 - -5) + -1?
-5
What is the value of 15 + -11 - (1 + -2 + 1)?
4
Calculate -7 + (-8 + 15 - 5).
-5
Evaluate -1 - -17 - (9 + -4) - 5.
6
What is the value of 1 - (2 + 2) - -1?
-2
Evaluate 7 + -7 + 8 + -4.
4
What is the value of 3 + (-1 + -1 - (0 + -4))?
5
Evaluate 0 + (4 - (-5 + 5 + -1)).
5
(0 - -7 - 2) + -4
1
What is the value of -4 - (6 - -1) - -16?
5
Calculate -2 + (10 - 6) + -2 + 0.
0
What is 2 + (-2 - -3) - (-4 + 9)?
-2
Calculate 2 + (-6 - -11) - 2.
5
Evaluate (1 - -1) + -11 + -5 + 11.
-3
Evaluate 1 - (1 + 0) - (-2 - -3).
-1
What is 0 - (19 + -15 - (-1 + 1))?
-4
1 + 0 + -7 + 6
0
1 + -3 + (4 - (2 + 1))
-1
Evaluate -5 - (24 + -22 - (-1 + 9)).
1
What is the value of 10 + -2 + -10 + 4?
2
Calculate (1 - 1) + (-12 - (-3 + -9)).
0
What is 1 - (-6 + 8 - -3)?
-4
-3 - (6 + (-5 - 1))
-3
What is -9 + (11 - (-10 - -3))?
9
What is the value of -1 + 3 + 1 + -3 + -5?
-5
(0 - 8) + (-6 - -17)
3
What is -3 + 1 + 1 + 0 - -5?
4
Evaluate (-20 - -30) + -11 + 1.
0
What is the value of -1 + -11 + 13 + (1 - 1)?
1
Calculate -5 - 3 - -5 - (-3 + 1).
-1
0 - (12 + -13) - (0 + -1)
2
-5 - ((4 - 8) + 4)
-5
Evaluate -4 - -6 - 3 - 4.
-5
What is the value of (-109 - -111) + -3 + (2 - 1)?
0
Calculate 8 - (7 - -3) - 1.
-3
What is the value of -5 + 10 - 8 - (4 - 2)?
-5
What is the value of (2 - -4) + (-10 - -3) + -3?
-4
Calculate 16 - 11 - 4 - 4.
-3
What is -1 - (5 - 2 - 2)?
-2
Calculate -1 + 0 - (4 + (6 - 5)).
-6
Evaluate 1 - (3 + -6 - -5 - 1).
0
What is the value of 3 - (-1 - -2 - -8)?
-6
What is the value of 9 - (-2 - (-3 - 3))?
5
(1 - 6) + (-9 - -17 - 5)
-2
-3 + (5 + -9 - -10)
3
Calculate -17 + (0 - -10) + 7 + -2.
-2
What is 3 + -4 + 0 - -2?
1
What is the value of -1 - -5 - ((8 - -6) + -8)?
-2
What is the value of -2 + 1 + (-3 - -3) + 1?
0
Evaluate 3 + -1 - (10 + -13).
5
What is (-10 - -21) + -2 + (-1 - -1)?
9
What is 1 - (1 + 6 - 9)?
3
What is the value of (2 - -2) + -8 - -3?
-1
Calculate (-6 - -7) + -4 - (0 + -3).
0
What is the value of 0 - (1 + -3 + 5 + -5)?
2
-2 + 0 + 4 - (-1 + 1)
2
What is -1 + 4 + -3 + -4 - -3?
-1
Evaluate (2 - (-3 + 2) - 4) + 4.
3
Evaluate -20 - -2 - (-12 + 5).
-11
What is the value of 9 - (1 + 4) - 9 - 1?
-6
What is the value of 5 + -2 + -1 - 6?
-4
-5 + 0 + 9 + -3 + 1
2
17 - -1 - (-51 + 61)
8
What is the value of -4 + -4 + 9 - 4 - -3?
0
18 + -17 - (2 + -4 + 0)
3
Calculate -10 + 6 - 0 - -8.
4
-4 - ((-2 - -8) + -8)
-2
Evaluate 10 + (-1 - (9 - 5)).
5
What is the value of (30 - 31) + 2 + (-2 - -1)?
0
Calculate -8 - (-15 - (5 + -14)).
-2
Evaluate -1 + 3 + (36 - 38) + -7.
-7
Evaluate -2 - 2 - -3 - (0 + 3).
-4
What is -1 + 3 + 2 - 0?
4
What is the value of (3 - -1) + (-1 - -3) - 2?
4
What is -5 + -2 + (-3 - -6)?
-4
What is the value of -1 - ((5 - 5) + 0 + 0)?
-1
-6 - (2 + (6 - 8)) - -2
-4
What is the value of (2 - -1) + 0 - (1 - -7)?
-5
Evaluate -6 - (-2 + (5 - 8)).
-1
-3 + -3 + -1 + 3
-4
(-4 - (2 + -3)) + 4 + -1
0
Evaluate -8 + (4 - (10 - 9)).
-5
What is -1 + 5 + (12 - 5) + -14?
-3
What is 1 + -2 - (-7 + -5)?
11
0 - -7 - 8 - (-1 - -5)
-5
Evaluate 157 - 162 - (-2 + 3 - 10).
4
Evaluate 4 + -1 - (3 - 4).
4
What is the value of 22 - 13 - (3 + 1)?
5
-2 + 0 + 7 + -3 + 0
2
Evaluate (4 + 0 - (1 - -3)) + 4.
4
Evaluate -2 - (-1 + 1) - (-2 - 4).
4
8 + -1 - (7 + -6 + 4)
2
Calculate -10 + -3 + 10 + 1.
-2
-3 + 7 - (0 + 2)
2
Calculate 2 + 0 + 2 + 6 + -8.
2
What is (4 - 3) + 2 + 3 + -9?
-3
6 + 0 + 0 + (-1 - 4)
1
1 + (3 + 0 + -2 - -2)
4
-2 - (-1 + 3) - -3
-1
Calculate -9 - 0 - (92 - 100).
-1
Calculate 11 - (4 + 10 + 7).
-10
-11 + (-2 + -4 - -14)
-3
What is -7 - (8 - (27 + -9))?
3
Evaluate (-4 - (-7 - -3)) + (-10 - -9).
-1
(2 - (-1 - -3)) + 1 - -1
2
Evaluate -2 - (0 - (-1 + 0 + 3)).
0
What is the value of (-9 - -7) + 3 + -8?
-7
Calculate 3 - (6 + -5) - (6 - 2).
-2
Calculate (10 - 10) + (2 - -1) + -4.
-1
What is 24 + -11 + -6 + -10?
-3
What is the value of -10 - (-9 + (1 - -5))?
-7
-2 + 8 + 0 - (70 - 60)
-4
What is the value of (-10 + 4 - 2) + 9?
1
Calculate (1 - (17 - 8)) + 1 + 17.
10
What is (-3 - -19) + -8 - 14?
-6
What is (1 - -1) + -12 + 6 + 0?
-4
Calculate -3 - (19 - 4) - (-10 + 2).
-10
Calculate (-27 - -27) + (-1 - (-7 + 0)).
6
What is the value of (-10 - -11) + 8 + -6?
3
What is the value of (-29 - -42) + -4 + -5?
4
What is -1 + -4 + (5 - 3) - -2?
-1
What is the value of -5 + 6 + -3 + 2?
0
(-1 - 3) + 2 - (2 + -3)
-1
What is 0 - -5 - (3 - (-6 - 1))?
-5
Evaluate -2 - (8 - (6 - 3)).
-7
What is the value of 3 + (4 - ((-1 - 1) + 5))?
4
(2 + -1 - 0 - -2) + -3
0
Calculate 93 + -90 + (0 - 0 - 11).
-8
What is the value of -1 - (1 - (7 + -2))?
3
What is the value of 7 + (4 - (0 - (-2 + -4)))?
5
Evaluate -19 - (4 + -2) - -13.
-8
What is the value of -5 + 0 - (-2 - (4 - 6))?
-5
Evaluate -4 + 4 - (-24 - -22).
2
Evaluate -2 + -1 - (-6 - (0 + 3)).
6
What is 4 - (3 + -3) - 2 - -1?
3
Evaluate -8 - (1 + -1 + -2) - -5.
-1
What is (58 - 44) + -7 + (-2 - -2)?
7
Calculate 5 + ((1 - 5) + 0 - 3).
-2
What is the value of -5 + (22 - (5 + 4))?
8
What is the value of (-1 - 3 - -5) + -4 - 1?
-4
-5 - ((-6 - 4) + 6)
-1
Calculate (0 - (7 + -6)) + -1 + 6.
4
Calculate (6 - -1) + 0 + (-6 - 1).
0
Evaluate -4 - (0 - 1 - (-1 + 1)).
-3
Calculate -6 - (-3 + 4 + -2).
-5
What is -2 + -4 + 10 + 0?
4
What is 0 - (1 + 1) - (-2 + -1)?
1
7 - 6 - (1 + 1) - -2
1
What is 10 + -4 + 0 + -1?
5
-3 - (-10 + 3 + 0)
4
Evaluate 1 - -8 - (-96 - -95).
10
-28 + 26 + 10 + -1
7
What is -4 + 5 + -2 + -3 + 0?
-4
What is 6 + -3 - (83 + -78)?
-2
Evaluate -27 - -31 - (-1 - (0 - 4)).
1
(-2 - -1 - -2) + -102 + 101
0
What is -1 - (1 - 1 - 3) - 1?
1
Evaluate -1 + 9 + -2 + -9.
-3
Calculate -3 + (0 + -4 - -4) - 2.
-5
-3 + (-7 - -9 - 3)
-4
What is 5 - 4 - -8 - 4?
5
-5 + (-12 - -10 - (-6 - 1))
0
Evaluate 1 + -4 + -13 + 7.
-9
What is (2 + -2 - 3) + -1 + 0?
-4
2 + -1 + -1 + 2 + -7
-5
What is the value of -9 + 3 + (-1 + 9 - 3)?
-1
Evaluate (1 - -1) + -7 + (85 - 80).
0
What is the value of (-4 - (-2 - 6)) + 1 + 0?
5
What is the value of -7 + (3 - -1) + (0 - 1)?
-4
(-13 + -4 - -18) + (-10 - -1)
-8
Calculate (1 + 3 - 6) + 3.
1
Calculate (-5 - (0 - 2)) + 1.
-2
Calculate -15 + 4 + (1 - -2).
-8
What is (-6 - -6 - -2) + -6 + 0?
-4
What is the value of 8 + (-3 - (-6 + 6))?
5
Calculate 6 + -12 + (27 - 23).
-2
-4 + -4 + (4 - -9) - 1
4
What is the value of 23 - 23 - (3 - -1)?
-4
Calculate -3 + 4 + (6 - 4).
3
Calculate (5 - -2) + (0 - 2).
5
Evaluate (-14 - -7) + (10 - 5).
-2
What is 5 - 7 - (2 + 0) - 0?
-4
Evaluate 4 + -1 + (-2 - -5) - 1.
5
What is (-6 - (-6 - -3) - -1) + -1?
-3
2 + -2 + (-2 - (4 - 8))
2
What is 15 - 15 - (-4 + 6)?
-